h - 298. What is the tens digit of -1*(-1314)/33 + (-12)/h?
4
Suppose -26*l - 17 = -17. Suppose 3*f = 2*u - 6*u + 517, l = -f - 5. What is the hundreds digit of u?
1
Let i = -296 - -298. Suppose -2*n + i*z = -970, -6*n - 1431 = -9*n - 3*z. What is the hundreds digit of n?
4
Suppose 0 = 3*z + 2*g - 4524, 4*z - 4*g + 857 = 6869. Let j = -931 + z. Suppose 3*l + 225 = -4*b + 681, -5*b - 5*l + j = 0. What is the units digit of b?
1
Let j(t) = -t**3 + 5*t**2 + 6*t + 4. Let s be j(6). Suppose -s*x - 147 = -3*u, u - 2*x - 54 = x. Suppose -w + u = -22. What is the tens digit of w?
6
Suppose -2*j + 10348 = -4*w, 20700 = -16*j + 20*j - 4*w. Let r = j + -3418. What is the tens digit of r?
5
What is the units digit of ((-113)/(-5))/(27/1485)?
3
Let i be -5058*(6 - 31/3). Suppose 28*l - 2*l = i. What is the units digit of l?
3
What is the hundreds digit of (-8)/(-6) + (-1776082)/(-231)?
6
Let u = 34 + -23. Suppose 0 = -3*n + 4 + u. Suppose -631 = -n*p + 504. What is the tens digit of p?
2
Let b(d) = -331 + 691 - 33*d - 307. What is the tens digit of b(-10)?
8
Let u(f) = 19*f + 4. Let m(i) = i**2 + 2. Let n be m(-3). What is the hundreds digit of u(n)?
2
Let d(k) be the first derivative of 31*k**4/2 - k**3/3 - 3*k**2/2 + 6*k - 29. What is the units digit of d(2)?
2
Let o(l) be the first derivative of -l**4/4 + 3*l**3 - 3*l**2 - 7*l - 40. Let s(b) = -b + 17. Let i be s(11). What is the tens digit of o(i)?
6
Suppose -6*k - 2*h + 10 = -3*k, 17 = 5*k + 3*h. Suppose j = k*a - 3*j - 8280, 4*j = -2*a + 4134. What is the hundreds digit of a?
0
Suppose 4*w + 28 = 0, -3*s - 1597 = -w - 18077. What is the hundreds digit of s?
4
Suppose a - 24829 = -4*r - 4*a, -5*a - 15 = 0. What is the hundreds digit of r?
2
Suppose -5*w - h + 415007 = 0, 0 = -9*w + 10*h - 9*h + 746993. What is the hundreds digit of w?
0
Suppose 4*r - 24 = -5*v, 0 = -5*r + v - 6*v + 25. Let u(b) = 305*b**2 - 6*b. What is the units digit of u(r)?
9
Let u = 54635 - 3892. What is the ten thousands digit of u?
5
Let t = -120 + 201. Suppose 2844 = t*p - 77*p. What is the hundreds digit of p?
7
Let y(v) = v**2 - 11*v + 22. Let w be y(9). Suppose 54 = f - w*f. What is the tens digit of (-600)/(-7) + (f/(-21))/3?
8
Suppose -5*u = 8 + 7, -5*u = -2*d + 31. Suppose -9*g = -d*g - 299. Suppose -4*s + k = -g, -6*k + k - 89 = -s. What is the tens digit of s?
7
Suppose -2*i = 2*c - 101826, 5*i = -2*c + 83047 + 18803. What is the thousands digit of c?
0
Suppose -144*z = -782652 - 450708. What is the hundreds digit of z?
5
Suppose 0 = -103*o - 13*o + 484184. What is the tens digit of o?
7
Let i(p) = -4*p**3 - p**2 + 2*p - 7. Let b be i(0). What is the tens digit of 951 + (0 - -4 - (-5 - b))?
5
Suppose 0 = 2*g - 37 + 33. Suppose 8*p - g*x = 4*p + 704, 3*x = 0. What is the units digit of p?
6
Let u(d) = 16*d**3 - 222*d**2 + 29*d + 60. What is the ten thousands digit of u(22)?
6
Suppose -2*u = -3*q + 16, -1 + 26 = -5*u. Suppose -603 = -s + 5*x - 155, -5*x + 851 = q*s. What is the tens digit of s?
3
Suppose -188*a - 23271 = -189*a + 4*w, -5*w = 40. What is the units digit of a?
9
Let a(v) = -2*v**3 - 4*v**2 - 2*v - 2. Let u(p) = p**2 - 12*p + 13. Let n be u(11). Suppose -n*f - 1 = 7. What is the tens digit of a(f)?
7
What is the hundreds digit of (-1 - 0)*(-386 - 13725)?
1
Let i(y) = 12*y**3 - 7*y**2 + 6*y - 9*y**3 + y**2 - 1. What is the units digit of i(6)?
7
Suppose 5*p + 132 = -43. What is the units digit of -4*p/(-20) - -414?
7
Let g(p) = p + 4. Let i be g(4). Suppose 8*a = 4*a + i. Suppose 0 = 3*y + a*m - 58, 37 = 2*y + 4*m + 1. What is the units digit of y?
0
Suppose 0 = -10*d + 7*d + 171. Let u = -52 + d. Suppose -u*g + 131 = -439. What is the hundreds digit of g?
1
Suppose 0 = -4*s + 1800 + 3912. Suppose -3*k + s = 2*v, 2*k - 5*v - 588 = 364. What is the units digit of k?
6
Suppose -2*h = -i - 9, -4*h - i + 4 = 1. Suppose 0 = 4*z + r - h*r - 1059, 527 = 2*z - 3*r. Suppose -7*v = 55 - z. What is the tens digit of v?
3
Let u(k) = -12*k**2 - 7*k + 23. Let j(n) = 25*n**2 + 15*n - 45. Let b(q) = 2*j(q) + 5*u(q). Let w be b(6). Let h = w - -544. What is the hundreds digit of h?
1
Let a be 2/4 + 81/(-18). Let g be (-26)/39 + a/(-6). Suppose -9*d + 63 + 198 = g. What is the tens digit of d?
2
Let d(a) = -34*a - 73. Let j be d(17). Let p = -289 - j. What is the tens digit of p?
6
Let x be (-16 + 17)/(2*(-2)/(-76)). Let s = 252 + x. What is the hundreds digit of s?
2
Let c be (-1302)/4*28/21. Suppose -3*d - 2*n = -8 + 34, 4*d + 12 = 3*n. What is the units digit of c/d + 8/12?
3
Let i(j) = 2*j**2 - 15*j + 3. Let a(o) = 2*o**2 - 10*o + 13. Let w be a(4). Suppose -3*c = -4*c - f + 11, 4*f + 64 = w*c. What is the units digit of i(c)?
1
Suppose 4*b = -9*u + 2074, 5*b + 1145 = 35*u - 30*u. Suppose 0 = 2*o + 2*o - 356. Let w = u - o. What is the units digit of w?
1
Suppose 3*v - 2823 = -1035. Let j = -416 + v. Let t = -108 + j. What is the units digit of t?
2
Suppose 5*x + 2 = 12. Suppose -x*o = -74 + 14. Let q = o + -8. What is the tens digit of q?
2
Let p(t) = t**3 + 28*t**2 - 21*t + 140. What is the hundreds digit of p(-22)?
5
Let x(y) = -y**2 - 3*y + 8. Let b be x(-4). Suppose 4*z + 2*p + 438 = b*p, 229 = -2*z - p. Let u = z + 195. What is the units digit of u?
3
Let n be (-304)/(-32)*3*6/9. Suppose -15*m = -n*m + 1836. What is the hundreds digit of m?
4
Let a = -964 - -968. Suppose 0*s + 2*s - 10 = 0. What is the tens digit of (s + 34)*(a - 3)?
3
Suppose 0 = -5*t + 108 + 62. Let d be (-30)/(-255) + 778/t. What is the units digit of (d*(0 - 1))/(-1)?
3
Let j = 26999 + -20849. What is the tens digit of j?
5
Let p = 21325 + -10443. What is the units digit of p?
2
Suppose 5*w + 5*b = 49080, -5*w + 49053 = -6*b + 2*b. What is the units digit of w?
3
Let b = -22 + 32. Suppose 12*d = b*d + 732. What is the hundreds digit of d?
3
Let l = 22844 - 6412. What is the hundreds digit of l?
4
Let h(y) = -15*y. Let d be -12*(-32)/12 - (4 + -3). Suppose 4*n - 8*n + 30 = -2*z, -n = 3*z + d. What is the tens digit of h(z)?
6
Let p(w) = 281*w**2 + 5*w + 5. Let g be p(-1). Let c = -158 - -113. Let i = g + c. What is the hundreds digit of i?
2
Let h(b) = -3*b**2 + 18*b - 10. Let x be h(6). Let s(a) = -7*a - 21. Let k be s(x). Suppose -2 + k = f. What is the tens digit of f?
4
Suppose -93*t - 38306 = -97*t + 3*n, 5*n - 47865 = -5*t. What is the units digit of t?
5
Suppose -2*l = -4*q - 48, -24*l + 28 = -23*l + 2*q. Suppose l*y = -4*y + 24300. What is the tens digit of y?
1
Let y be 16/(-40) - 76/10. What is the units digit of 2/(y/3) + (-104293)/(-188)?
4
Suppose 2*g = 6*u + 33250, 255 = -3*u + 237. What is the thousands digit of g?
6
Suppose -14*p - 39949 = -531195. What is the hundreds digit of p?
0
Suppose -3*x - 4*o + 16123 = 0, -x - 88*o + 5371 = -85*o. What is the tens digit of x?
7
Let o = 200 - 194. What is the tens digit of (-1332)/(-6) + 12/o?
2
Let s(f) = 42*f - 2075. What is the tens digit of s(62)?
2
Suppose 2*w = -w - 6. Let y be (((-16)/(-10))/w)/(13/(-390)). Let d = y + 26. What is the units digit of d?
0
Let o(c) = 45*c**2 - 13*c - 14. Let k be o(-4). Let g = k + -155. What is the hundreds digit of g?
6
Let g(s) = 2*s**3 - 13*s**2 + 60*s + 130. What is the units digit of g(13)?
7
Let y = 73 + -71. Let j(v) = 57*v + 4. Let o be j(y). Let h = 183 - o. What is the units digit of h?
5
Let y(a) = a**3 + 9*a**2 + 11*a + 2. Let i be (-129)/15 + (-2)/5. Let k be y(i). What is the units digit of (-1)/6 + k/(-6)?
6
Let q = 39 - 49. Let v be q/((-36)/24*4/3). Let p(l) = 17*l - 9. What is the units digit of p(v)?
6
Suppose 10*y - 8*y - 6 = 4*x, 5*y + 3*x - 15 = 0. Let q(w) = 88*w + 15. What is the units digit of q(y)?
9
Let t(s) be the third derivative of s**5/10 - s**4/12 + 23*s**3/6 + 8*s**2. Let a be (4/(-3))/(24/(-90)). What is the hundreds digit of t(a)?
1
Let d = -40551 + 84053. What is the thousands digit of d?
3
Let b = -37352 - -64927. What is the units digit of b?
5
Suppose -8*k + 41 = -7*k. Let s be (-4)/(16/k)*(7 - 11). Let a = s + -33. What is the units digit of a?
8
Let d(h) = 4*h**2 - 37*h + 3. Suppose 5*c + 12*g + 38 = 10*g, 4*c = 2*g - 34. What is the tens digit of d(c)?
5
Suppose 4*d = 15*d. Suppose -2*x - 2*m - 142 = 0, d = x + m + m + 76. Let o = x + 189. What is the units digit of o?
3
Let h = -2291 - -9952. What is th